3*v - 380 = 0. Calculate the remainder when 718 is divided by v.
8
Let u = -252 - -772. What is the remainder when u is divided by 58?
56
Suppose -k + 3 = 2*f - 0, k + 4*f = 3. Suppose -k*s + 74 = 5*w, -3*s - 2 = w - 24. What is the remainder when 25 is divided by w?
12
Let z be 27/18*8/3. Suppose 2*t = -2*l + 116, -2*t - l + z*l = -121. What is the remainder when t is divided by 15?
14
Let s(r) = -6*r - 1. What is the remainder when (-2*3)/((2/30)/(665/(-210))) is divided by s(-7)?
39
Let w = -129 + 185. Calculate the remainder when 164 is divided by w.
52
Suppose -131*m + 118*m = -312. What is the remainder when 257 is divided by m?
17
Suppose 2*c = 5*g - c - 23, 9 = 2*g - c. Let m = g - 2. What is the remainder when 33 is divided by (-158)/(-18) - m/(-9)?
6
Let i = 499 - 272. What is the remainder when i is divided by 19?
18
Calculate the remainder when 122/(-5)*4/(32/(-20)) is divided by 19.
4
Suppose -2*t - 5*a + 153 + 2852 = 0, 2*a - 1505 = -t. Calculate the remainder when t is divided by 33.
30
Let i be 33/6 + 9/(-6). What is the remainder when 29 is divided by (57/19)/(1/i*2)?
5
Let i = -48 - 47. Let d = 42 - i. Calculate the remainder when d is divided by 35.
32
Let o be (4/5)/(4/30). What is the remainder when ((-9)/o)/(6/(-568)) is divided by -20*((-96)/(-30) - 5)?
34
Suppose 17*t = 19*t - 72. What is the remainder when 428 is divided by t?
32
Let n = 5 + -7. Suppose 3*d = d - 56. What is the remainder when (d/6)/(n/33) is divided by 26?
25
Let t = -36 - -77. What is the remainder when t + (8/52 - (-41)/(-13)) is divided by 10?
8
Let y be 6/7*(-8)/(-48)*28. Suppose 230 = -y*x + 262. What is the remainder when 23 is divided by x?
7
Suppose 0 = -4*p + 4*z + 1248, 3*z = 3*p + 2*z - 946. Calculate the remainder when p is divided by 16.
13
Let i(o) = -o**3 + 9*o**2 - 2*o - 12. Let a be i(9). Calculate the remainder when 6/a + 453/15 is divided by 16.
14
Suppose 5*n = -3*z + 22, -z + n = z - 32. Let h(m) = -4*m + 12. Let d be h(-4). Let f = d + z. What is the remainder when f is divided by 11?
9
What is the remainder when (-16)/(-2)*(7/2 - 0) is divided by 18?
10
Suppose 4*w + r - 40 = 0, 5*w - r - 4*r = 75. What is the remainder when 4/(-16)*-6*(-106)/(-3) is divided by w?
9
Let f(m) = -2*m**3 - 11*m**2 - 4*m + 10. Calculate the remainder when 19 is divided by f(-5).
4
Suppose 4*n - 72 = -0*n. Let g = -242 - -275. Calculate the remainder when g is divided by n.
15
Let g(f) = -f**2 + 6*f + 6. Suppose -201 = -4*h - 4*u + 47, 0 = 5*h + 2*u - 301. Suppose -2*m + 67 = -h. Calculate the remainder when m is divided by g(5).
8
Suppose -3*b - 1143 = -5*s, 5*s = 10*s + 4*b - 1136. Calculate the remainder when s is divided by 21.
18
Let w(k) = -2*k + 24. Suppose 0 = 4*y - 5*q - 11, -3*q + 12 = -3. Calculate the remainder when w(-5) is divided by y.
7
Let o(a) = -3*a + 121. What is the remainder when 233 is divided by o(30)?
16
Let h = 73 + -44. Let u(a) = a**3 + a + 1. Let d be u(0). Suppose 0 = 4*j - h + d. Calculate the remainder when 11 is divided by j.
4
Let h(a) = -a**3 + 11*a**2 + 12*a + 14. Let j be h(12). Let d = j + -10. Suppose -d*m = -8*m + 8. What is the remainder when 2 is divided by m?
0
Let o(i) = 46*i**3 - 11*i**2 + 10*i + 4. Calculate the remainder when o(2) is divided by 13.
10
Let o(q) = -6*q - 3. Let n = -6 + 4. Calculate the remainder when (-15)/(n*(-4)/(-8)) is divided by o(-1).
0
Let o(l) = l**2 - 2*l. Let y(i) = -i**2 + 8. Let v be y(-7). Let r = v - -60. What is the remainder when o(7) is divided by r?
16
Suppose 14*p + 177 = 17*p + f, 0 = f. Let n(d) = 3*d + 1. Calculate the remainder when p is divided by n(5).
11
Let l(n) = 37*n**2 - 11*n - 12. What is the remainder when l(-4) is divided by 33?
30
Suppose 0 = 5*c + 10, -6*c + 3*c = 2*i + 190. Let d = 155 + i. Suppose 6*f = 5*f + d. What is the remainder when f is divided by 13?
11
Suppose -154 - 242 = -6*g. What is the remainder when 128 is divided by g?
62
Suppose 0 = 16*g - 6653 - 5539. Calculate the remainder when g is divided by 64.
58
Let k(w) = 21*w - 23. Let c be k(-9). Let j be c/(-6) + 2/3. Suppose 0*o = 2*o - j. What is the remainder when o is divided by 10?
8
Calculate the remainder when 917 is divided by (-1)/(-7) - (6 + 1674/(-42)).
33
Let r = 1667 - 1588. Suppose -q = q - 32. What is the remainder when r is divided by q?
15
Let n = 677 + -481. Calculate the remainder when n is divided by 22.
20
Suppose -4*d + 2*h = -90, 0 = -4*d + d - 3*h + 45. Calculate the remainder when 27 is divided by (-156)/(-10) - 12/d.
12
Let h(x) = -x**3 + 3*x**2 - 3*x + 25. Calculate the remainder when h(-4) is divided by 50.
49
Let j(z) = -z. Let g be j(3). Let f be ((g - -4)*-17)/(-1). Suppose x - f = -4. Calculate the remainder when x is divided by 4.
1
Suppose -1132 = -2*p + 4*i, 0 = -4*p + 3*i + 2*i + 2270. What is the remainder when p is divided by 44?
42
Suppose -5*n + n = 3*c - 13, 5*c - 4*n = 11. Suppose 3*l = 4*o - 8*o + 72, c*l + 33 = o. What is the remainder when 79 is divided by o?
16
Let a = -36 - -36. Suppose a = -7*b + 12*b - 35. Calculate the remainder when 18 is divided by b.
4
Suppose -26*k = -29*k + 186. Calculate the remainder when 147 is divided by k.
23
Let u(i) = -9*i + 5. Let s be u(5). Let h be 10/(-4)*32/s. Calculate the remainder when 36 is divided by -38*-1*1/h.
17
Suppose 2*a + 2*w - 4 = 0, 0 = -5*a - 4*w + 1 + 9. Let v = 0 - a. What is the remainder when 816/10 - v/5 is divided by 21?
19
Calculate the remainder when 109 is divided by ((-3 - 0)*-18)/((-24)/(-16)).
1
Suppose 220 = 8*q - 4*q. Calculate the remainder when q is divided by 8.
7
Suppose 67 + 38 = 3*o. Calculate the remainder when 49 is divided by o.
14
What is the remainder when 60 is divided by 6/(2/36*-50 + 3)?
6
Calculate the remainder when ((-3)/24*-4)/((-4)/(-6672)) is divided by 44.
42
Suppose -145 = -k + 3*d, -218 = -4*k + 2*d + 392. What is the remainder when k is divided by 13?
11
Let l = -48 - -73. Suppose -30*q + 31*q = 74. Calculate the remainder when q is divided by l.
24
Let j(d) = -17 - d**3 - 8*d + 5*d**2 - 6*d**2 + 13*d**2. Let c(h) = h**2 - h - 1. Let m(n) = -6*c(n) + j(n). Calculate the remainder when 10 is divided by m(5).
2
Suppose 184 = 4*g + 4*j, 15 = 3*j + 6. What is the remainder when 257 is divided by g?
42
Calculate the remainder when (-1*9)/(17/(51/(-9))) is divided by 1.
0
Let a(d) = -103*d - 48. Calculate the remainder when a(-4) is divided by 61.
59
What is the remainder when 77 is divided by (-160)/8*3/(-6)?
7
Let u be -3*4/(-12)*0/(-1). Suppose u = -13*x + 10*x + 51. What is the remainder when 49 is divided by x?
15
Suppose -2*n = 3*g + 27, -2*n + 0*g - 37 = 5*g. Let k(t) = t**2 + 10*t + 14. Let z be k(n). Let b = z - -28. Calculate the remainder when 29 is divided by b.
11
Let x = -227 + 254. What is the remainder when 30 is divided by x?
3
Let f = 40 - 23. What is the remainder when f is divided by 38/(-57) + 33/9?
2
Let h(x) = -18*x - 124. Calculate the remainder when 61 is divided by h(-8).
1
Let p(c) = -c**3 - 6*c**2 + 4*c + 15. Let o be p(-8). Suppose -4*m = -o + 31. What is the remainder when (-1 - -57) + 1 + 0 is divided by m?
17
Let z(q) = q**2 - 2*q + 4. Let n be z(10). Suppose 10*x - n - 86 = 0. Calculate the remainder when 67 is divided by x.
16
Suppose a + 192 = 6*a - 4*s, -158 = -4*a + s. What is the remainder when 114 is divided by a?
34
Let n(p) = 3 - 2*p - 2*p - 7 + p**2. Let t be n(5). Suppose -3*q - 1 = -2*u, u - 2*q = -3 + t. What is the remainder when u is divided by 5?
3
Suppose 2*b - 3160 = -3*b. Suppose -7*c = c - b. What is the remainder when c is divided by 20?
19
Let i(m) = m**2 + 6. Let y be i(-6). What is the remainder when 7 is divided by (-7)/y + (-50)/(-12)?
3
Calculate the remainder when (-4)/(-5 - -3) + 474/6 is divided by 65.
16
Let t(q) = 2*q**2 + 13*q + 57. What is the remainder when t(-10) is divided by 33?
28
Suppose 4*f - 5*f = -5. Suppose -y = -6*y - 2*u + 96, 3*y + 2*u - 60 = 0. What is the remainder when y is divided by f?
3
What is the remainder when ((-36)/(-9))/((-3)/(-33)) is divided by 13?
5
Let k(v) = v - 7. Let a be k(-9). Let i be (-891)/(-7) - a/(-56). Let l = i + -61. What is the remainder when l is divided by 17?
15
Let o = -2091 - -2133. Calculate the remainder when 46 is divided by o.
4
Let o be (-2